{"id":5296,"date":"2019-01-10T20:20:24","date_gmt":"2019-01-10T19:20:24","guid":{"rendered":"https:\/\/www.amicio-oberstimm.de\/?page_id=5296"},"modified":"2026-03-12T19:55:11","modified_gmt":"2026-03-12T18:55:11","slug":"rueckblick-2019","status":"publish","type":"page","link":"https:\/\/www.amicio-oberstimm.de\/?page_id=5296","title":{"rendered":"R\u00fcckblick 2020"},"content":{"rendered":"<div class=\"entry-content\">\n<p>Corona hat auch unseren <strong>Rahmenterminkalender<\/strong> f\u00fcr das Jahr 2020 mal so richtig durcheinandergewirbelt. Viele Veranstaltungen wurden abgesagt oder mussten bis Ende 2020 abgesagt werden.<\/p>\n<p>&nbsp;<\/p>\n<p><a href=\"https:\/\/www.amicio-oberstimm.de\/wp-content\/uploads\/2020\/04\/478px-SARS-CoV-2_without_background.png\"><img loading=\"lazy\" decoding=\"async\" class=\"aligncenter size-full wp-image-6179\" src=\"https:\/\/www.amicio-oberstimm.de\/wp-content\/uploads\/2020\/04\/478px-SARS-CoV-2_without_background.png\" alt=\"\" width=\"478\" height=\"480\" srcset=\"https:\/\/www.amicio-oberstimm.de\/wp-content\/uploads\/2020\/04\/478px-SARS-CoV-2_without_background.png 478w, https:\/\/www.amicio-oberstimm.de\/wp-content\/uploads\/2020\/04\/478px-SARS-CoV-2_without_background-300x300.png 300w, https:\/\/www.amicio-oberstimm.de\/wp-content\/uploads\/2020\/04\/478px-SARS-CoV-2_without_background-150x150.png 150w\" sizes=\"auto, (max-width: 478px) 100vw, 478px\" \/><\/a><strong>Veranstaltungen 2020:<\/strong><\/p>\n<p>23.02.2020&nbsp;&nbsp; Teilnahme Faschingsumzug<\/p>\n<p>07.03.2020&nbsp;&nbsp; Cajonkurs im Haus der B\u00e4urin<\/p>\n<p>&nbsp;<\/p>\n<\/div>\n<div class=\"entry-content\">\n<p>M\u00f6chtet Ihr in Zukunft genauere Informationen \u00fcber die Aktivit\u00e4ten unseres Vereins, dann schickt einfach eine Email an mail@amicio-oberstimm.de mit dem Betreff <strong>\u201cNewsletter\u201d<\/strong> .<\/p>\n<\/div>\n","protected":false},"excerpt":{"rendered":"<p>Corona hat auch unseren Rahmenterminkalender f\u00fcr das Jahr 2020 mal so richtig durcheinandergewirbelt. Viele Veranstaltungen wurden abgesagt oder mussten bis Ende 2020 abgesagt werden. &nbsp; Veranstaltungen 2020: 23.02.2020&nbsp;&nbsp; Teilnahme Faschingsumzug &hellip; <a title=\"R\u00fcckblick 2020\" class=\"hm-read-more\" href=\"https:\/\/www.amicio-oberstimm.de\/?page_id=5296\"><span class=\"screen-reader-text\">R\u00fcckblick 2020<\/span>Weiterlesen<\/a><\/p>\n","protected":false},"author":1,"featured_media":0,"parent":9596,"menu_order":18,"comment_status":"closed","ping_status":"closed","template":"","meta":{"ngg_post_thumbnail":0,"footnotes":""},"class_list":["post-5296","page","type-page","status-publish","hentry"],"amp_enabled":true,"_links":{"self":[{"href":"https:\/\/www.amicio-oberstimm.de\/index.php?rest_route=\/wp\/v2\/pages\/5296","targetHints":{"allow":["GET"]}}],"collection":[{"href":"https:\/\/www.amicio-oberstimm.de\/index.php?rest_route=\/wp\/v2\/pages"}],"about":[{"href":"https:\/\/www.amicio-oberstimm.de\/index.php?rest_route=\/wp\/v2\/types\/page"}],"author":[{"embeddable":true,"href":"https:\/\/www.amicio-oberstimm.de\/index.php?rest_route=\/wp\/v2\/users\/1"}],"replies":[{"embeddable":true,"href":"https:\/\/www.amicio-oberstimm.de\/index.php?rest_route=%2Fwp%2Fv2%2Fcomments&post=5296"}],"version-history":[{"count":17,"href":"https:\/\/www.amicio-oberstimm.de\/index.php?rest_route=\/wp\/v2\/pages\/5296\/revisions"}],"predecessor-version":[{"id":6667,"href":"https:\/\/www.amicio-oberstimm.de\/index.php?rest_route=\/wp\/v2\/pages\/5296\/revisions\/6667"}],"up":[{"embeddable":true,"href":"https:\/\/www.amicio-oberstimm.de\/index.php?rest_route=\/wp\/v2\/pages\/9596"}],"wp:attachment":[{"href":"https:\/\/www.amicio-oberstimm.de\/index.php?rest_route=%2Fwp%2Fv2%2Fmedia&parent=5296"}],"curies":[{"name":"wp","href":"https:\/\/api.w.org\/{rel}","templated":true}]}}

Rückblick 2020

<div class="entry-content">
<p>Corona hat auch unseren <strong>Rahmenterminkalender</strong> für das Jahr 2020 mal so richtig durcheinandergewirbelt. Viele Veranstaltungen wurden abgesagt oder mussten bis Ende 2020 abgesagt werden.</p>
<p>&nbsp;</p>
<p><a href="https://www.amicio-oberstimm.de/wp-content/uploads/2020/04/478px-SARS-CoV-2_without_background.png"><img loading="lazy" decoding="async" class="aligncenter size-full wp-image-6179" src="https://www.amicio-oberstimm.de/wp-content/uploads/2020/04/478px-SARS-CoV-2_without_background.png" alt="" width="478" height="480" srcset="https://www.amicio-oberstimm.de/wp-content/uploads/2020/04/478px-SARS-CoV-2_without_background.png 478w, https://www.amicio-oberstimm.de/wp-content/uploads/2020/04/478px-SARS-CoV-2_without_background-300x300.png 300w, https://www.amicio-oberstimm.de/wp-content/uploads/2020/04/478px-SARS-CoV-2_without_background-150x150.png 150w" sizes="auto, (max-width: 478px) 100vw, 478px" /></a><strong>Veranstaltungen 2020:</strong></p>
<p>23.02.2020&nbsp;&nbsp; Teilnahme Faschingsumzug</p>
<p>07.03.2020&nbsp;&nbsp; Cajonkurs im Haus der Bäurin</p>
<p>&nbsp;</p>
</div>
<div class="entry-content">
<p>Möchtet Ihr in Zukunft genauere Informationen über die Aktivitäten unseres Vereins, dann schickt einfach eine Email an mail@amicio-oberstimm.de mit dem Betreff <strong>“Newsletter”</strong> .</p>
</div>

<p>Corona hat auch unseren Rahmenterminkalender für das Jahr 2020 mal so richtig durcheinandergewirbelt. Viele Veranstaltungen wurden abgesagt oder mussten bis Ende 2020 abgesagt werden. &nbsp; Veranstaltungen 2020: 23.02.2020&nbsp;&nbsp; Teilnahme Faschingsumzug &hellip; <a title="Rückblick 2020" class="hm-read-more" href="https://www.amicio-oberstimm.de/?page_id=5296"><span class="screen-reader-text">Rückblick 2020</span>Weiterlesen</a></p>
