{"id":6663,"date":"2022-02-12T10:08:13","date_gmt":"2022-02-12T09:08:13","guid":{"rendered":"https:\/\/www.amicio-oberstimm.de\/?page_id=6663"},"modified":"2026-03-12T19:55:00","modified_gmt":"2026-03-12T18:55:00","slug":"programm-2022","status":"publish","type":"page","link":"https:\/\/www.amicio-oberstimm.de\/?page_id=6663","title":{"rendered":"R\u00fcckblick 2022"},"content":{"rendered":"<p>Gef\u00fchlt ist es mittlerweile eine Ewigkeit her, da\u00df wir gemeinsam mit Euch unsere Veranstaltungen und Aktivit\u00e4ten durchf\u00fchren konnten. Wir blicken aber optimistisch nach vorne und hoffen, da\u00df die Coronaeinschr\u00e4nkungen bald hinter uns liegen.<\/p>\n<p>Daher m\u00f6chten wir Euch heute bereits den<strong> AmiciO-Rahmenkalender f\u00fcr 2022<\/strong> pr\u00e4sentieren. Alle Veranstaltungen werden noch je nach aktueller Lage genau terminiert und rechtzeitig per Newsletter und auf der Homepage angek\u00fcndigt.<\/p>\n<p>Hier findet Ihr unseren <a href=\"https:\/\/www.amicio-oberstimm.de\/wp-content\/uploads\/2022\/02\/Programm_2022.pdf\">AmiciO-Rahmenprogramm_2022.<\/a><\/p>\n<p><strong>30.07.22:<\/strong> Ferienpass-Aktion Edelsteinsuche<br \/>\n<strong>26.08.22:<\/strong> Barthelmarkteinzug<br \/>\n<strong>17.09.22:<\/strong> immer wieder sch\u00f6n \u2013unser K\u00fcrbisfest<br \/>\n<strong>24.09.22:<\/strong> das Ausflugshighlight EUROPAPARK<\/p>\n<p>M\u00f6chtet Ihr in Zukunft genauere Informationen \u00fcber die Aktivit\u00e4ten unseres Vereins, dann schickt einfach eine Email an mail@amicio-oberstimm.de mit dem Betreff <strong>\u201cNewsletter\u201d<\/strong> .<\/p>\n","protected":false},"excerpt":{"rendered":"<p>Gef\u00fchlt ist es mittlerweile eine Ewigkeit her, da\u00df wir gemeinsam mit Euch unsere Veranstaltungen und Aktivit\u00e4ten durchf\u00fchren konnten. Wir blicken aber optimistisch nach vorne und hoffen, da\u00df die Coronaeinschr\u00e4nkungen bald &hellip; <a title=\"R\u00fcckblick 2022\" class=\"hm-read-more\" href=\"https:\/\/www.amicio-oberstimm.de\/?page_id=6663\"><span class=\"screen-reader-text\">R\u00fcckblick 2022<\/span>Weiterlesen<\/a><\/p>\n","protected":false},"author":1,"featured_media":0,"parent":9596,"menu_order":17,"comment_status":"closed","ping_status":"closed","template":"","meta":{"ngg_post_thumbnail":0,"footnotes":""},"class_list":["post-6663","page","type-page","status-publish","hentry"],"amp_enabled":true,"_links":{"self":[{"href":"https:\/\/www.amicio-oberstimm.de\/index.php?rest_route=\/wp\/v2\/pages\/6663","targetHints":{"allow":["GET"]}}],"collection":[{"href":"https:\/\/www.amicio-oberstimm.de\/index.php?rest_route=\/wp\/v2\/pages"}],"about":[{"href":"https:\/\/www.amicio-oberstimm.de\/index.php?rest_route=\/wp\/v2\/types\/page"}],"author":[{"embeddable":true,"href":"https:\/\/www.amicio-oberstimm.de\/index.php?rest_route=\/wp\/v2\/users\/1"}],"replies":[{"embeddable":true,"href":"https:\/\/www.amicio-oberstimm.de\/index.php?rest_route=%2Fwp%2Fv2%2Fcomments&post=6663"}],"version-history":[{"count":5,"href":"https:\/\/www.amicio-oberstimm.de\/index.php?rest_route=\/wp\/v2\/pages\/6663\/revisions"}],"predecessor-version":[{"id":7442,"href":"https:\/\/www.amicio-oberstimm.de\/index.php?rest_route=\/wp\/v2\/pages\/6663\/revisions\/7442"}],"up":[{"embeddable":true,"href":"https:\/\/www.amicio-oberstimm.de\/index.php?rest_route=\/wp\/v2\/pages\/9596"}],"wp:attachment":[{"href":"https:\/\/www.amicio-oberstimm.de\/index.php?rest_route=%2Fwp%2Fv2%2Fmedia&parent=6663"}],"curies":[{"name":"wp","href":"https:\/\/api.w.org\/{rel}","templated":true}]}}