{"id":8192,"date":"2024-02-03T10:27:12","date_gmt":"2024-02-03T09:27:12","guid":{"rendered":"https:\/\/www.amicio-oberstimm.de\/?page_id=8192"},"modified":"2026-03-12T19:54:36","modified_gmt":"2026-03-12T18:54:36","slug":"programm-2024","status":"publish","type":"page","link":"https:\/\/www.amicio-oberstimm.de\/?page_id=8192","title":{"rendered":"R\u00fcckblick 2024"},"content":{"rendered":"<p style=\"text-align: center;\"><strong>AmiciO-Aktionskalender 2025<\/strong><\/p>\n<p>Hier der R\u00fcckblick auf das Jahr <strong>2024:<\/strong><\/p>\n<p><strong>02.03.2024<\/strong> Ramadama<\/p>\n<p><strong>Fr\u00fchjahr<\/strong> Projekt Bienenwiese<\/p>\n<p><strong>10.04.2024<\/strong> Yoga bei Beate Wasem<\/p>\n<p><strong>03.05.2024<\/strong> Muttertagsbasteln in der B\u00fccherei ( Schere, Kleber mitbringen)<\/p>\n<p><strong>22.06.2024<\/strong> Sonnwendfeier<\/p>\n<p><strong>10.07.2024<\/strong> Eisessen 17-19 Uhr; 1 Kugel Eis f\u00fcr jedes Mitglied<\/p>\n<p><strong>27.07.2024<\/strong> Edelsteinsuche Ferienpass<\/p>\n<p><strong>23.08.2024<\/strong> Barthelmarkteinzug<\/p>\n<p><strong>Sp\u00e4tsommer<\/strong> Projekt Bienenwiese<\/p>\n<p><strong>14.09.2024<\/strong> K\u00fcrbisfest<\/p>\n<p><strong>25.10.2024<\/strong> Makramee Basteln (bis 12 J und Handlettering (ab 12 J mit Julia)<\/p>\n<p><strong>Herbst<\/strong> Armb\u00e4nder Basteln<\/p>\n<p><strong>23. 11.2024<\/strong> Aufbau Christkindlmarkt<\/p>\n<p><strong>30.11. &#8211; 01.12.2024<\/strong> Christkindlmarkt<\/p>\n<p><strong>07.12.2024<\/strong> Abbau Christkindlmarkt<\/p>\n<p><strong>Dezember<\/strong> Schanzer Puppentheater<\/p>\n<p><strong>Winter<\/strong> Schlittschuhlaufen in der Saturnarena<\/p>\n","protected":false},"excerpt":{"rendered":"<p>AmiciO-Aktionskalender 2025 Hier der R\u00fcckblick auf das Jahr 2024: 02.03.2024 Ramadama Fr\u00fchjahr Projekt Bienenwiese 10.04.2024 Yoga bei Beate Wasem 03.05.2024 Muttertagsbasteln in der B\u00fccherei ( Schere, Kleber mitbringen) 22.06.2024 Sonnwendfeier &hellip; <a title=\"R\u00fcckblick 2024\" class=\"hm-read-more\" href=\"https:\/\/www.amicio-oberstimm.de\/?page_id=8192\"><span class=\"screen-reader-text\">R\u00fcckblick 2024<\/span>Weiterlesen<\/a><\/p>\n","protected":false},"author":1,"featured_media":0,"parent":9596,"menu_order":15,"comment_status":"closed","ping_status":"closed","template":"","meta":{"ngg_post_thumbnail":0,"footnotes":""},"class_list":["post-8192","page","type-page","status-publish","hentry"],"amp_enabled":true,"_links":{"self":[{"href":"https:\/\/www.amicio-oberstimm.de\/index.php?rest_route=\/wp\/v2\/pages\/8192","targetHints":{"allow":["GET"]}}],"collection":[{"href":"https:\/\/www.amicio-oberstimm.de\/index.php?rest_route=\/wp\/v2\/pages"}],"about":[{"href":"https:\/\/www.amicio-oberstimm.de\/index.php?rest_route=\/wp\/v2\/types\/page"}],"author":[{"embeddable":true,"href":"https:\/\/www.amicio-oberstimm.de\/index.php?rest_route=\/wp\/v2\/users\/1"}],"replies":[{"embeddable":true,"href":"https:\/\/www.amicio-oberstimm.de\/index.php?rest_route=%2Fwp%2Fv2%2Fcomments&post=8192"}],"version-history":[{"count":9,"href":"https:\/\/www.amicio-oberstimm.de\/index.php?rest_route=\/wp\/v2\/pages\/8192\/revisions"}],"predecessor-version":[{"id":8853,"href":"https:\/\/www.amicio-oberstimm.de\/index.php?rest_route=\/wp\/v2\/pages\/8192\/revisions\/8853"}],"up":[{"embeddable":true,"href":"https:\/\/www.amicio-oberstimm.de\/index.php?rest_route=\/wp\/v2\/pages\/9596"}],"wp:attachment":[{"href":"https:\/\/www.amicio-oberstimm.de\/index.php?rest_route=%2Fwp%2Fv2%2Fmedia&parent=8192"}],"curies":[{"name":"wp","href":"https:\/\/api.w.org\/{rel}","templated":true}]}}