{"id":8850,"date":"2025-04-01T19:35:38","date_gmt":"2025-04-01T17:35:38","guid":{"rendered":"https:\/\/www.amicio-oberstimm.de\/?page_id=8850"},"modified":"2026-03-12T19:54:31","modified_gmt":"2026-03-12T18:54:31","slug":"programm-2025","status":"publish","type":"page","link":"https:\/\/www.amicio-oberstimm.de\/?page_id=8850","title":{"rendered":"R\u00fcckblick 2025"},"content":{"rendered":"<p style=\"text-align: center;\"><strong>AmiciO-Aktionskalender 2025<\/strong><\/p>\n<p>Hier ist der Rahmenterminkalender f\u00fcr das Jahr 2025.<\/p>\n<p>Es erwarten Euch sch\u00f6ne Aktionen \u2013 f\u00fcr kleine und gro\u00dfe AmiciOs &amp; f\u00fcr die ganze Familie!<\/p>\n<p>\u00dcber unseren Newsletter sowie unsere WhatsApp Info-Gruppe informieren wir weiterhin \u00fcber weitere Terminfindungen oder notwendige Anpassungen.<\/p>\n<p>Eventuelle Korrekturen behalten wir uns vor.<\/p>\n<p>Bereits fix f\u00fcr 2025:<\/p>\n<p><strong>05.01.2025<\/strong> Eislaufen in der Saturnarena<\/p>\n<p><strong>02.03.2025<\/strong> Faschingsumzug Manching, Kost\u00fcm: Fliegenpilze<\/p>\n<p><strong>15.03.2025<\/strong> Ramadama<\/p>\n<p><strong>24.03.2025<\/strong> Jahreshauptversammlung mit Neuwahlen<\/p>\n<p><strong>Fr\u00fchjahr<\/strong> Projekt Bienenwiese<\/p>\n<p><strong>03.05.2025<\/strong> R\u00e4tsel-Rallye durch Pichl (von 6-12 Jahren)<\/p>\n<p><strong>09.05.2025<\/strong> Muttertagsbasteln in der B\u00fccherei<\/p>\n<p><strong>09.07.2025<\/strong> 1 Kugel Eis f\u00fcr jedes Mitglied<\/p>\n<p><strong>12.07.2025<\/strong> Wakeboarden im Wake\u2018n\u2018Grove in Geisenfeld<\/p>\n<p><strong>26.07.2025<\/strong> Kurs: Schminken und Flechten (ab 12 Jahren)<\/p>\n<p><strong>02.08.2025<\/strong> Edelsteinsuche im Ferienpass<\/p>\n<p><strong>29.08.2025<\/strong> Barthelmarkteinzug<\/p>\n<p><strong>Sp\u00e4tsommer<\/strong> Projekt Bienenwiese<\/p>\n<p><strong>20.09.2025<\/strong> K\u00fcrbisfest \u2013 Vereinsfest f\u00fcr die ganze Familie<\/p>\n<p><strong>September 2025<\/strong> ERC Heimspiel<\/p>\n<p><strong>24.10.2025<\/strong> Geburtstagskarten basteln<\/p>\n<p><strong>Oktober 2025<\/strong> Lasertag<\/p>\n<p><strong>22.11.2025<\/strong> Aufbau Christkindlmarkt<\/p>\n<p><strong>29. \/30.11.2025<\/strong> AmiciO Christkindlmarkt Oberstimm<\/p>\n<p><strong>06.12.2025<\/strong> Abbau Christkindlmarkt<\/p>\n<p><strong>Dezember 2025<\/strong> Schanzer Puppentheater<\/p>\n<p><strong>09. 01.2026<\/strong> Helferessen CKM<\/p>\n<p><strong>Winter 25\/26<\/strong> Schlittschuhlaufen in der Saturnarena<\/p>\n<p><strong>Winter 25\/26<\/strong> Rodelausflug (ganzt\u00e4gig)<\/p>\n","protected":false},"excerpt":{"rendered":"<p>AmiciO-Aktionskalender 2025 Hier ist der Rahmenterminkalender f\u00fcr das Jahr 2025. Es erwarten Euch sch\u00f6ne Aktionen \u2013 f\u00fcr kleine und gro\u00dfe AmiciOs &amp; f\u00fcr die ganze Familie! \u00dcber unseren Newsletter sowie &hellip; <a title=\"R\u00fcckblick 2025\" class=\"hm-read-more\" href=\"https:\/\/www.amicio-oberstimm.de\/?page_id=8850\"><span class=\"screen-reader-text\">R\u00fcckblick 2025<\/span>Weiterlesen<\/a><\/p>\n","protected":false},"author":1,"featured_media":0,"parent":9596,"menu_order":14,"comment_status":"closed","ping_status":"closed","template":"","meta":{"ngg_post_thumbnail":0,"footnotes":""},"class_list":["post-8850","page","type-page","status-publish","hentry"],"amp_enabled":true,"_links":{"self":[{"href":"https:\/\/www.amicio-oberstimm.de\/index.php?rest_route=\/wp\/v2\/pages\/8850","targetHints":{"allow":["GET"]}}],"collection":[{"href":"https:\/\/www.amicio-oberstimm.de\/index.php?rest_route=\/wp\/v2\/pages"}],"about":[{"href":"https:\/\/www.amicio-oberstimm.de\/index.php?rest_route=\/wp\/v2\/types\/page"}],"author":[{"embeddable":true,"href":"https:\/\/www.amicio-oberstimm.de\/index.php?rest_route=\/wp\/v2\/users\/1"}],"replies":[{"embeddable":true,"href":"https:\/\/www.amicio-oberstimm.de\/index.php?rest_route=%2Fwp%2Fv2%2Fcomments&post=8850"}],"version-history":[{"count":6,"href":"https:\/\/www.amicio-oberstimm.de\/index.php?rest_route=\/wp\/v2\/pages\/8850\/revisions"}],"predecessor-version":[{"id":9598,"href":"https:\/\/www.amicio-oberstimm.de\/index.php?rest_route=\/wp\/v2\/pages\/8850\/revisions\/9598"}],"up":[{"embeddable":true,"href":"https:\/\/www.amicio-oberstimm.de\/index.php?rest_route=\/wp\/v2\/pages\/9596"}],"wp:attachment":[{"href":"https:\/\/www.amicio-oberstimm.de\/index.php?rest_route=%2Fwp%2Fv2%2Fmedia&parent=8850"}],"curies":[{"name":"wp","href":"https:\/\/api.w.org\/{rel}","templated":true}]}}

Rückblick 2025

<p style="text-align: center;"><strong>AmiciO-Aktionskalender 2025</strong></p>
<p>Hier ist der Rahmenterminkalender für das Jahr 2025.</p>
<p>Es erwarten Euch schöne Aktionen – für kleine und große AmiciOs &amp; für die ganze Familie!</p>
<p>Über unseren Newsletter sowie unsere WhatsApp Info-Gruppe informieren wir weiterhin über weitere Terminfindungen oder notwendige Anpassungen.</p>
<p>Eventuelle Korrekturen behalten wir uns vor.</p>
<p>Bereits fix für 2025:</p>
<p><strong>05.01.2025</strong> Eislaufen in der Saturnarena</p>
<p><strong>02.03.2025</strong> Faschingsumzug Manching, Kostüm: Fliegenpilze</p>
<p><strong>15.03.2025</strong> Ramadama</p>
<p><strong>24.03.2025</strong> Jahreshauptversammlung mit Neuwahlen</p>
<p><strong>Frühjahr</strong> Projekt Bienenwiese</p>
<p><strong>03.05.2025</strong> Rätsel-Rallye durch Pichl (von 6-12 Jahren)</p>
<p><strong>09.05.2025</strong> Muttertagsbasteln in der Bücherei</p>
<p><strong>09.07.2025</strong> 1 Kugel Eis für jedes Mitglied</p>
<p><strong>12.07.2025</strong> Wakeboarden im Wake‘n‘Grove in Geisenfeld</p>
<p><strong>26.07.2025</strong> Kurs: Schminken und Flechten (ab 12 Jahren)</p>
<p><strong>02.08.2025</strong> Edelsteinsuche im Ferienpass</p>
<p><strong>29.08.2025</strong> Barthelmarkteinzug</p>
<p><strong>Spätsommer</strong> Projekt Bienenwiese</p>
<p><strong>20.09.2025</strong> Kürbisfest – Vereinsfest für die ganze Familie</p>
<p><strong>September 2025</strong> ERC Heimspiel</p>
<p><strong>24.10.2025</strong> Geburtstagskarten basteln</p>
<p><strong>Oktober 2025</strong> Lasertag</p>
<p><strong>22.11.2025</strong> Aufbau Christkindlmarkt</p>
<p><strong>29. /30.11.2025</strong> AmiciO Christkindlmarkt Oberstimm</p>
<p><strong>06.12.2025</strong> Abbau Christkindlmarkt</p>
<p><strong>Dezember 2025</strong> Schanzer Puppentheater</p>
<p><strong>09. 01.2026</strong> Helferessen CKM</p>
<p><strong>Winter 25/26</strong> Schlittschuhlaufen in der Saturnarena</p>
<p><strong>Winter 25/26</strong> Rodelausflug (ganztägig)</p>

<p>AmiciO-Aktionskalender 2025 Hier ist der Rahmenterminkalender für das Jahr 2025. Es erwarten Euch schöne Aktionen – für kleine und große AmiciOs &amp; für die ganze Familie! Über unseren Newsletter sowie &hellip; <a title="Rückblick 2025" class="hm-read-more" href="https://www.amicio-oberstimm.de/?page_id=8850"><span class="screen-reader-text">Rückblick 2025</span>Weiterlesen</a></p>
