{"id":9596,"date":"2026-03-12T19:49:29","date_gmt":"2026-03-12T18:49:29","guid":{"rendered":"https:\/\/www.amicio-oberstimm.de\/?page_id=9596"},"modified":"2026-03-22T19:23:21","modified_gmt":"2026-03-22T18:23:21","slug":"programm-2026","status":"publish","type":"page","link":"https:\/\/www.amicio-oberstimm.de\/?page_id=9596","title":{"rendered":"Programm 2026"},"content":{"rendered":"<p><strong>AmiciO-Aktionskalender 2026<\/strong><\/p>\n<p>Hier findet Ihr den Rahmenterminkalender f\u00fcr das Jahr 2026.<\/p>\n<p>Es erwarten Euch wieder sch\u00f6ne Aktionen \u2013 f\u00fcr kleine und gro\u00dfe AmiciOs &amp; f\u00fcr die ganze Familie!<\/p>\n<p><strong>14. M\u00e4rz 2026<\/strong> Ramadama<br \/>\n<strong>16. M\u00e4rz 2026<\/strong> Jahreshauptversammlung<br \/>\n<strong>20. M\u00e4rz 2026<\/strong> Kerzen verzieren<br \/>\n<strong>08. Mai 2026<\/strong> Muttertagsbasteln in der B\u00fccherei<br \/>\n<strong>20. Juni 2026<\/strong> Hochseilgarten Jetzendorf<br \/>\n<strong>15. Juli 2026<\/strong> 1 Kugel Eis f\u00fcr jedes Mitglied<br \/>\n<strong>01. August 2026<\/strong> Edelsteinsuche im Ferienpass<br \/>\n<strong>28. August 2026<\/strong> Barthelmarkteinzug<br \/>\n<strong>19. September 2026<\/strong> K\u00fcrbisfest \u2013 Vereinsfest f\u00fcr die ganze Familie<br \/>\n<strong>24. Oktober 2026<\/strong> Karten basteln<br \/>\n<strong>21. November 2026<\/strong> Aufbau Christkindlmarkt<br \/>\n<strong>28.\/29. November 2026<\/strong> Christkindlmarkt<br \/>\n<strong>05. Dezember 2026<\/strong> Abbau Christkindlmarkt<br \/>\n<strong>Dezember 2026<\/strong> Schanzer Puppentheater<br \/>\n<strong>29. Dezember 2026<\/strong> Helferessen CKM<br \/>\n<strong>Winter 25\/26<\/strong> Eislaufen in der Saturnarena<\/p>\n<p>\u00dcber unseren Newsletter sowie unsere WhatsApp Info-Gruppe informieren wir weiterhin \u00fcber weitere Terminfindungen oder notwendige Anpassungen.<\/p>\n<p>Eventuelle Korrekturen behalten wir uns vor.<\/p>\n<p>&nbsp;<\/p>\n","protected":false},"excerpt":{"rendered":"<p>AmiciO-Aktionskalender 2026 Hier findet Ihr den Rahmenterminkalender f\u00fcr das Jahr 2026. Es erwarten Euch wieder sch\u00f6ne Aktionen \u2013 f\u00fcr kleine und gro\u00dfe AmiciOs &amp; f\u00fcr die ganze Familie! 14. M\u00e4rz 2026 Ramadama 16. M\u00e4rz 2026 Jahreshauptversammlung 20. M\u00e4rz 2026 Kerzen &hellip; <a href=\"https:\/\/www.amicio-oberstimm.de\/?page_id=9596\">Weiterlesen <span class=\"meta-nav\">&rarr;<\/span><\/a><\/p>\n","protected":false},"author":1,"featured_media":0,"parent":0,"menu_order":7,"comment_status":"closed","ping_status":"closed","template":"","meta":{"ngg_post_thumbnail":0,"footnotes":""},"class_list":["post-9596","page","type-page","status-publish","hentry"],"amp_enabled":true,"_links":{"self":[{"href":"https:\/\/www.amicio-oberstimm.de\/index.php?rest_route=\/wp\/v2\/pages\/9596","targetHints":{"allow":["GET"]}}],"collection":[{"href":"https:\/\/www.amicio-oberstimm.de\/index.php?rest_route=\/wp\/v2\/pages"}],"about":[{"href":"https:\/\/www.amicio-oberstimm.de\/index.php?rest_route=\/wp\/v2\/types\/page"}],"author":[{"embeddable":true,"href":"https:\/\/www.amicio-oberstimm.de\/index.php?rest_route=\/wp\/v2\/users\/1"}],"replies":[{"embeddable":true,"href":"https:\/\/www.amicio-oberstimm.de\/index.php?rest_route=%2Fwp%2Fv2%2Fcomments&post=9596"}],"version-history":[{"count":3,"href":"https:\/\/www.amicio-oberstimm.de\/index.php?rest_route=\/wp\/v2\/pages\/9596\/revisions"}],"predecessor-version":[{"id":9619,"href":"https:\/\/www.amicio-oberstimm.de\/index.php?rest_route=\/wp\/v2\/pages\/9596\/revisions\/9619"}],"wp:attachment":[{"href":"https:\/\/www.amicio-oberstimm.de\/index.php?rest_route=%2Fwp%2Fv2%2Fmedia&parent=9596"}],"curies":[{"name":"wp","href":"https:\/\/api.w.org\/{rel}","templated":true}]}}

<p><strong>AmiciO-Aktionskalender 2026</strong></p>
<p>Hier findet Ihr den Rahmenterminkalender für das Jahr 2026.</p>
<p>Es erwarten Euch wieder schöne Aktionen – für kleine und große AmiciOs &amp; für die ganze Familie!</p>
<p><strong>14. März 2026</strong> Ramadama<br />
<strong>16. März 2026</strong> Jahreshauptversammlung<br />
<strong>20. März 2026</strong> Kerzen verzieren<br />
<strong>08. Mai 2026</strong> Muttertagsbasteln in der Bücherei<br />
<strong>20. Juni 2026</strong> Hochseilgarten Jetzendorf<br />
<strong>15. Juli 2026</strong> 1 Kugel Eis für jedes Mitglied<br />
<strong>01. August 2026</strong> Edelsteinsuche im Ferienpass<br />
<strong>28. August 2026</strong> Barthelmarkteinzug<br />
<strong>19. September 2026</strong> Kürbisfest – Vereinsfest für die ganze Familie<br />
<strong>24. Oktober 2026</strong> Karten basteln<br />
<strong>21. November 2026</strong> Aufbau Christkindlmarkt<br />
<strong>28./29. November 2026</strong> Christkindlmarkt<br />
<strong>05. Dezember 2026</strong> Abbau Christkindlmarkt<br />
<strong>Dezember 2026</strong> Schanzer Puppentheater<br />
<strong>29. Dezember 2026</strong> Helferessen CKM<br />
<strong>Winter 25/26</strong> Eislaufen in der Saturnarena</p>
<p>Über unseren Newsletter sowie unsere WhatsApp Info-Gruppe informieren wir weiterhin über weitere Terminfindungen oder notwendige Anpassungen.</p>
<p>Eventuelle Korrekturen behalten wir uns vor.</p>
<p>&nbsp;</p>

<p>AmiciO-Aktionskalender 2026 Hier findet Ihr den Rahmenterminkalender für das Jahr 2026. Es erwarten Euch wieder schöne Aktionen – für kleine und große AmiciOs &amp; für die ganze Familie! 14. März 2026 Ramadama 16. März 2026 Jahreshauptversammlung 20. März 2026 Kerzen &hellip; <a href="https://www.amicio-oberstimm.de/?page_id=9596">Weiterlesen <span class="meta-nav">&rarr;</span></a></p>
